{"id":300,"date":"2017-03-24T15:28:04","date_gmt":"2017-03-24T14:28:04","guid":{"rendered":"http:\/\/www.edsm.be\/?page_id=300"},"modified":"2019-03-01T10:18:31","modified_gmt":"2019-03-01T09:18:31","slug":"nos-doctorants-de-lulg","status":"publish","type":"page","link":"https:\/\/www.edsm.be\/?page_id=300","title":{"rendered":"Nos Doctorants de l&rsquo;ULg"},"content":{"rendered":"<p><a href=\"https:\/\/www.edsm.be\/nos-doctorants\/doctorants\/\" rel=\"attachment wp-att-277\"><img loading=\"lazy\" decoding=\"async\" class=\"alignnone size-thumbnail wp-image-277\" src=\"https:\/\/www.edsm.be\/wp-content\/uploads\/2017\/03\/doctorants-150x150.jpg\" alt=\"\" width=\"150\" height=\"150\" srcset=\"https:\/\/www.edsm.be\/wp-content\/uploads\/2017\/03\/doctorants-150x150.jpg 150w, https:\/\/www.edsm.be\/wp-content\/uploads\/2017\/03\/doctorants-350x350.jpg 350w\" sizes=\"auto, (max-width: 150px) 100vw, 150px\" \/><\/a><\/p>\n<table style=\"padding-left: 30px;\">\n<tbody>\n<tr>\n<td width=\"215\"><\/td>\n<td style=\"padding-left: 30px;\">\n<h2><span style=\"color: #003366;\">NOM<\/span><\/h2>\n<\/td>\n<td style=\"padding-left: 30px;\">\n<h2><span style=\"color: #003366;\">TITRE THESE<\/span><\/h2>\n<\/td>\n<td style=\"padding-left: 30px;\">\n<h2><span style=\"color: #003366;\">PROMOTEURS<\/span><\/h2>\n<\/td>\n<\/tr>\n<tr style=\"padding-left: 30px;\">\n<td style=\"padding-left: 30px;\" rowspan=\"3\"><span style=\"color: #003366;\">URISS<\/span><\/td>\n<td style=\"padding-left: 30px;\"><span style=\"color: #003366;\">Gilles LOMBARD<\/span><\/td>\n<td style=\"padding-left: 30px;\"><span style=\"color: #003366;\">Formation de conseillers en activit\u00e9 physique \u00a0: \u00e9tude de cas<\/span><\/td>\n<td style=\"padding-left: 30px;\" rowspan=\"3\"><span style=\"color: #003366;\">Marc Cloes<\/span><\/td>\n<\/tr>\n<tr style=\"padding-left: 30px;\">\n<td style=\"padding-left: 30px;\"><span style=\"color: #003366;\">J\u00e9r\u00f4me ROMPEN\u00a0<\/span><\/td>\n<td style=\"padding-left: 30px;\" width=\"495\"><span style=\"color: #003366;\">Analyse de la promotion de l&rsquo;activit\u00e9 physique chez les personnes touch\u00e9es <\/span><br \/>\n<span style=\"color: #003366;\"> par le cancer<\/span><\/td>\n<\/tr>\n<tr style=\"padding-left: 30px;\">\n<td style=\"padding-left: 30px;\"><span style=\"color: #003366;\">Gilles DUBRU<\/span><\/td>\n<td style=\"padding-left: 30px;\" width=\"495\"><span style=\"color: #003366;\">Promotion de l&rsquo;activit\u00e9 physique en entreprise : Mise en place d&rsquo;un projet \u00e0 l&rsquo;Universit\u00e9 de Li\u00e8ge<\/span><\/td>\n<\/tr>\n<tr style=\"padding-left: 30px;\">\n<td style=\"padding-left: 30px;\" rowspan=\"3\" width=\"215\"><span style=\"color: #003366;\">EVA REVA\u00a0<\/span><\/td>\n<td style=\"padding-left: 30px;\"><span style=\"color: #003366;\">Marie DEMONCEAU<\/span><\/td>\n<td style=\"padding-left: 30px;\" width=\"495\"><span style=\"color: #003366;\">Effet d&rsquo;un programme de reconditionnement sur les aptitudes physiques et fonctionnelles de patients atteints de la maladie de Parkinson et leur corr\u00e9lat en neuroimagerie<\/span><\/td>\n<td style=\"padding-left: 30px;\" rowspan=\"3\" width=\"159\"><span style=\"color: #003366;\">Ga\u00ebtan Garraux<\/span><br \/>\n<span style=\"color: #003366;\"> Didier Maquet<\/span><\/td>\n<\/tr>\n<tr style=\"padding-left: 30px;\">\n<td style=\"padding-left: 30px;\"><span style=\"color: #003366;\">Anne-France LECLERC<\/span><\/td>\n<td style=\"padding-left: 30px;\" width=\"495\"><span style=\"color: #003366;\">Programme de revalidation multidisciplinaire post-cancer du sein : analyse des b\u00e9n\u00e9fices sur la fonction physique, la composition corporelle et la qualit\u00e9 de vie<\/span><\/td>\n<\/tr>\n<tr style=\"padding-left: 30px;\">\n<td style=\"padding-left: 30px;\"><span style=\"color: #003366;\">Kevin MINY<\/span><\/td>\n<td style=\"padding-left: 30px;\"><span style=\"color: #003366;\">Entrainement neuro-musculaire en football<\/span><\/td>\n<\/tr>\n<tr style=\"padding-left: 30px;\">\n<td style=\"padding-left: 30px;\"><span style=\"color: #003366;\">CLINIQUE DU DOS<\/span><\/td>\n<td style=\"padding-left: 30px;\"><span style=\"color: #003366;\">Tatiana FETTWEIS<\/span><\/td>\n<td style=\"padding-left: 30px;\" width=\"495\"><span style=\"color: #003366;\">Influence d\u2019une prise en charge posturale sur la posture, les capacit\u00e9s cognitives, la concentration et le bien-\u00eatre de l\u2019enfant<\/span><\/td>\n<td style=\"padding-left: 30px;\"><span style=\"color: #003366;\">Marc Vanderthommen<\/span><\/td>\n<\/tr>\n<tr style=\"padding-left: 30px;\">\n<td style=\"padding-left: 30px;\" rowspan=\"5\"><span style=\"color: #003366;\">LAMH<\/span><\/td>\n<td style=\"padding-left: 30px;\"><span style=\"color: #003366;\">Fran\u00e7ois DELVAUX<\/span><\/td>\n<td style=\"padding-left: 30px;\"><span style=\"color: #003366;\">Crit\u00e8res de retour sur terrain apr\u00e8s blessures sportives et pr\u00e9vention l\u00e9sionnelle<\/span><\/td>\n<td style=\"padding-left: 30px;\"><span style=\"color: #003366;\">Jean-Louis\u00a0 Croisier<\/span><\/td>\n<\/tr>\n<tr style=\"padding-left: 30px;\">\n<td style=\"padding-left: 30px;\"><span style=\"color: #003366;\">Dorian DEFLANDRE<\/span><\/td>\n<td style=\"padding-left: 30px;\"><span style=\"color: #003366;\">Contribution \u00e0 l\u2019\u00e9tude de l\u2019\u00e9conomie de course<\/span><\/td>\n<td style=\"padding-left: 30px;\"><span style=\"color: #003366;\">Thierry Bury<\/span><\/td>\n<\/tr>\n<tr style=\"padding-left: 30px;\">\n<td style=\"padding-left: 30px;\"><\/td>\n<td style=\"padding-left: 30px;\"><\/td>\n<td style=\"padding-left: 30px;\"><\/td>\n<\/tr>\n<tr style=\"padding-left: 30px;\">\n<td style=\"padding-left: 30px;\"><span style=\"color: #003366;\">Fran\u00e7ois TUBEZ<\/span><\/td>\n<td style=\"padding-left: 30px;\" width=\"495\"><span style=\"color: #003366;\">Contribution \u00e0 l&rsquo;\u00e9valuation du service au tennis. Identification de facteurs de <\/span><br \/>\n<span style=\"color: #003366;\"> performance<\/span><\/td>\n<td style=\"padding-left: 30px;\" width=\"159\"><span style=\"color: #003366;\">B\u00e9n\u00e9dicte Forthomme<\/span><br \/>\n<span style=\"color: #003366;\"> C\u00e9dric Schwartz<\/span><\/td>\n<\/tr>\n<tr style=\"padding-left: 30px;\">\n<td style=\"padding-left: 30px;\"><span style=\"color: #003366;\">C\u00e9dric LEHANCE\u00a0<\/span><\/td>\n<td style=\"padding-left: 30px;\"><span style=\"color: #003366;\">Syst\u00e8me optojump et applications chez le sportif<\/span><\/td>\n<td style=\"padding-left: 30px;\"><span style=\"color: #003366;\">Bury Thierry<\/span><\/td>\n<\/tr>\n<tr style=\"padding-left: 30px;\">\n<td style=\"padding-left: 30px;\"><span style=\"color: #003366;\">\u00a0<\/span><\/td>\n<td style=\"padding-left: 30px;\"><span style=\"color: #003366;\">Stephen BORNHEIM<\/span><\/td>\n<td style=\"padding-left: 30px;\" width=\"495\"><span style=\"color: #003366;\">tDCS ASAP: Transcranial Direct Current Stimulation In Acute Stroke Associated <\/span><br \/>\n<span style=\"color: #003366;\"> With Physical-Therapy<\/span><\/td>\n<td style=\"padding-left: 30px;\" width=\"159\"><span style=\"color: #003366;\">Jean-Michel Crielaard<\/span><br \/>\n<span style=\"color: #003366;\"> Pierre Maquet<\/span><\/td>\n<\/tr>\n<tr style=\"padding-left: 30px;\">\n<td style=\"padding-left: 30px;\" rowspan=\"2\"><span style=\"color: #003366;\">ENFANCES<\/span><\/td>\n<td style=\"padding-left: 30px;\"><span style=\"color: #003366;\">Mary VANDERMEULEN<\/span><\/td>\n<td style=\"padding-left: 30px;\" width=\"495\"><span style=\"color: #003366;\">Contribution \u00e0 l&rsquo;\u00e9valuation de l&rsquo;accoutumance \u00e0 l&rsquo;eau chez l&rsquo;enfant de 3 \u00e0 8 ans<\/span><\/td>\n<td style=\"padding-left: 30px;\"><span style=\"color: #003366;\">Boris Jidovtseff<\/span><\/td>\n<\/tr>\n<tr style=\"padding-left: 30px;\">\n<td style=\"padding-left: 30px;\"><span style=\"color: #003366;\">Liliane MORGADO<\/span><\/td>\n<td style=\"padding-left: 30px;\" width=\"495\"><span style=\"color: #003366;\">Effects of fantasy contexts on children&rsquo;s behaviour and development during physical activity<\/span><\/td>\n<td style=\"padding-left: 30px;\"><span style=\"color: #003366;\">Boris Jidovtseff<\/span><\/td>\n<\/tr>\n<\/tbody>\n<\/table>\n","protected":false},"excerpt":{"rendered":"<p>NOM TITRE THESE PROMOTEURS URISS Gilles LOMBARD Formation de conseillers en activit\u00e9 physique \u00a0: \u00e9tude de cas Marc Cloes J\u00e9r\u00f4me ROMPEN\u00a0 Analyse de la promotion de l&rsquo;activit\u00e9 physique chez les personnes touch\u00e9es par le cancer Gilles DUBRU Promotion de l&rsquo;activit\u00e9 physique en entreprise : Mise en place d&rsquo;un projet \u00e0 l&rsquo;Universit\u00e9 de Li\u00e8ge EVA REVA\u00a0 &hellip; <\/p>\n<p><a class=\"more-link btn\" href=\"https:\/\/www.edsm.be\/?page_id=300\">Lire la suite<\/a><\/p>\n","protected":false},"author":1,"featured_media":0,"parent":0,"menu_order":0,"comment_status":"closed","ping_status":"closed","template":"","meta":{"footnotes":""},"class_list":["post-300","page","type-page","status-publish","hentry","nodate","item-wrap"],"_links":{"self":[{"href":"https:\/\/www.edsm.be\/index.php?rest_route=\/wp\/v2\/pages\/300","targetHints":{"allow":["GET"]}}],"collection":[{"href":"https:\/\/www.edsm.be\/index.php?rest_route=\/wp\/v2\/pages"}],"about":[{"href":"https:\/\/www.edsm.be\/index.php?rest_route=\/wp\/v2\/types\/page"}],"author":[{"embeddable":true,"href":"https:\/\/www.edsm.be\/index.php?rest_route=\/wp\/v2\/users\/1"}],"replies":[{"embeddable":true,"href":"https:\/\/www.edsm.be\/index.php?rest_route=%2Fwp%2Fv2%2Fcomments&post=300"}],"version-history":[{"count":6,"href":"https:\/\/www.edsm.be\/index.php?rest_route=\/wp\/v2\/pages\/300\/revisions"}],"predecessor-version":[{"id":890,"href":"https:\/\/www.edsm.be\/index.php?rest_route=\/wp\/v2\/pages\/300\/revisions\/890"}],"wp:attachment":[{"href":"https:\/\/www.edsm.be\/index.php?rest_route=%2Fwp%2Fv2%2Fmedia&parent=300"}],"curies":[{"name":"wp","href":"https:\/\/api.w.org\/{rel}","templated":true}]}}

<p><a href="https://www.edsm.be/nos-doctorants/doctorants/" rel="attachment wp-att-277"><img loading="lazy" decoding="async" class="alignnone size-thumbnail wp-image-277" src="https://www.edsm.be/wp-content/uploads/2017/03/doctorants-150x150.jpg" alt="" width="150" height="150" srcset="https://www.edsm.be/wp-content/uploads/2017/03/doctorants-150x150.jpg 150w, https://www.edsm.be/wp-content/uploads/2017/03/doctorants-350x350.jpg 350w" sizes="auto, (max-width: 150px) 100vw, 150px" /></a></p>
<table style="padding-left: 30px;">
<tbody>
<tr>
<td width="215"></td>
<td style="padding-left: 30px;">
<h2><span style="color: #003366;">NOM</span></h2>
</td>
<td style="padding-left: 30px;">
<h2><span style="color: #003366;">TITRE THESE</span></h2>
</td>
<td style="padding-left: 30px;">
<h2><span style="color: #003366;">PROMOTEURS</span></h2>
</td>
</tr>
<tr style="padding-left: 30px;">
<td style="padding-left: 30px;" rowspan="3"><span style="color: #003366;">URISS</span></td>
<td style="padding-left: 30px;"><span style="color: #003366;">Gilles LOMBARD</span></td>
<td style="padding-left: 30px;"><span style="color: #003366;">Formation de conseillers en activité physique  : étude de cas</span></td>
<td style="padding-left: 30px;" rowspan="3"><span style="color: #003366;">Marc Cloes</span></td>
</tr>
<tr style="padding-left: 30px;">
<td style="padding-left: 30px;"><span style="color: #003366;">Jérôme ROMPEN </span></td>
<td style="padding-left: 30px;" width="495"><span style="color: #003366;">Analyse de la promotion de l&rsquo;activité physique chez les personnes touchées </span><br />
<span style="color: #003366;"> par le cancer</span></td>
</tr>
<tr style="padding-left: 30px;">
<td style="padding-left: 30px;"><span style="color: #003366;">Gilles DUBRU</span></td>
<td style="padding-left: 30px;" width="495"><span style="color: #003366;">Promotion de l&rsquo;activité physique en entreprise : Mise en place d&rsquo;un projet à l&rsquo;Université de Liège</span></td>
</tr>
<tr style="padding-left: 30px;">
<td style="padding-left: 30px;" rowspan="3" width="215"><span style="color: #003366;">EVA REVA </span></td>
<td style="padding-left: 30px;"><span style="color: #003366;">Marie DEMONCEAU</span></td>
<td style="padding-left: 30px;" width="495"><span style="color: #003366;">Effet d&rsquo;un programme de reconditionnement sur les aptitudes physiques et fonctionnelles de patients atteints de la maladie de Parkinson et leur corrélat en neuroimagerie</span></td>
<td style="padding-left: 30px;" rowspan="3" width="159"><span style="color: #003366;">Gaëtan Garraux</span><br />
<span style="color: #003366;"> Didier Maquet</span></td>
</tr>
<tr style="padding-left: 30px;">
<td style="padding-left: 30px;"><span style="color: #003366;">Anne-France LECLERC</span></td>
<td style="padding-left: 30px;" width="495"><span style="color: #003366;">Programme de revalidation multidisciplinaire post-cancer du sein : analyse des bénéfices sur la fonction physique, la composition corporelle et la qualité de vie</span></td>
</tr>
<tr style="padding-left: 30px;">
<td style="padding-left: 30px;"><span style="color: #003366;">Kevin MINY</span></td>
<td style="padding-left: 30px;"><span style="color: #003366;">Entrainement neuro-musculaire en football</span></td>
</tr>
<tr style="padding-left: 30px;">
<td style="padding-left: 30px;"><span style="color: #003366;">CLINIQUE DU DOS</span></td>
<td style="padding-left: 30px;"><span style="color: #003366;">Tatiana FETTWEIS</span></td>
<td style="padding-left: 30px;" width="495"><span style="color: #003366;">Influence d’une prise en charge posturale sur la posture, les capacités cognitives, la concentration et le bien-être de l’enfant</span></td>
<td style="padding-left: 30px;"><span style="color: #003366;">Marc Vanderthommen</span></td>
</tr>
<tr style="padding-left: 30px;">
<td style="padding-left: 30px;" rowspan="5"><span style="color: #003366;">LAMH</span></td>
<td style="padding-left: 30px;"><span style="color: #003366;">François DELVAUX</span></td>
<td style="padding-left: 30px;"><span style="color: #003366;">Critères de retour sur terrain après blessures sportives et prévention lésionnelle</span></td>
<td style="padding-left: 30px;"><span style="color: #003366;">Jean-Louis  Croisier</span></td>
</tr>
<tr style="padding-left: 30px;">
<td style="padding-left: 30px;"><span style="color: #003366;">Dorian DEFLANDRE</span></td>
<td style="padding-left: 30px;"><span style="color: #003366;">Contribution à l’étude de l’économie de course</span></td>
<td style="padding-left: 30px;"><span style="color: #003366;">Thierry Bury</span></td>
</tr>
<tr style="padding-left: 30px;">
<td style="padding-left: 30px;"></td>
<td style="padding-left: 30px;"></td>
<td style="padding-left: 30px;"></td>
</tr>
<tr style="padding-left: 30px;">
<td style="padding-left: 30px;"><span style="color: #003366;">François TUBEZ</span></td>
<td style="padding-left: 30px;" width="495"><span style="color: #003366;">Contribution à l&rsquo;évaluation du service au tennis. Identification de facteurs de </span><br />
<span style="color: #003366;"> performance</span></td>
<td style="padding-left: 30px;" width="159"><span style="color: #003366;">Bénédicte Forthomme</span><br />
<span style="color: #003366;"> Cédric Schwartz</span></td>
</tr>
<tr style="padding-left: 30px;">
<td style="padding-left: 30px;"><span style="color: #003366;">Cédric LEHANCE </span></td>
<td style="padding-left: 30px;"><span style="color: #003366;">Système optojump et applications chez le sportif</span></td>
<td style="padding-left: 30px;"><span style="color: #003366;">Bury Thierry</span></td>
</tr>
<tr style="padding-left: 30px;">
<td style="padding-left: 30px;"><span style="color: #003366;"> </span></td>
<td style="padding-left: 30px;"><span style="color: #003366;">Stephen BORNHEIM</span></td>
<td style="padding-left: 30px;" width="495"><span style="color: #003366;">tDCS ASAP: Transcranial Direct Current Stimulation In Acute Stroke Associated </span><br />
<span style="color: #003366;"> With Physical-Therapy</span></td>
<td style="padding-left: 30px;" width="159"><span style="color: #003366;">Jean-Michel Crielaard</span><br />
<span style="color: #003366;"> Pierre Maquet</span></td>
</tr>
<tr style="padding-left: 30px;">
<td style="padding-left: 30px;" rowspan="2"><span style="color: #003366;">ENFANCES</span></td>
<td style="padding-left: 30px;"><span style="color: #003366;">Mary VANDERMEULEN</span></td>
<td style="padding-left: 30px;" width="495"><span style="color: #003366;">Contribution à l&rsquo;évaluation de l&rsquo;accoutumance à l&rsquo;eau chez l&rsquo;enfant de 3 à 8 ans</span></td>
<td style="padding-left: 30px;"><span style="color: #003366;">Boris Jidovtseff</span></td>
</tr>
<tr style="padding-left: 30px;">
<td style="padding-left: 30px;"><span style="color: #003366;">Liliane MORGADO</span></td>
<td style="padding-left: 30px;" width="495"><span style="color: #003366;">Effects of fantasy contexts on children&rsquo;s behaviour and development during physical activity</span></td>
<td style="padding-left: 30px;"><span style="color: #003366;">Boris Jidovtseff</span></td>
</tr>
</tbody>
</table>

<p>NOM TITRE THESE PROMOTEURS URISS Gilles LOMBARD Formation de conseillers en activité physique  : étude de cas Marc Cloes Jérôme ROMPEN  Analyse de la promotion de l&rsquo;activité physique chez les personnes touchées par le cancer Gilles DUBRU Promotion de l&rsquo;activité physique en entreprise : Mise en place d&rsquo;un projet à l&rsquo;Université de Liège EVA REVA  &hellip; </p>
<p><a class="more-link btn" href="https://www.edsm.be/?page_id=300">Lire la suite</a></p>
