{"id":54,"date":"2017-02-24T09:15:50","date_gmt":"2017-02-24T08:15:50","guid":{"rendered":"http:\/\/www.edsm.be\/?page_id=54"},"modified":"2018-09-28T09:38:18","modified_gmt":"2018-09-28T07:38:18","slug":"ce-quil-faut-savoir-du-fnrs","status":"publish","type":"page","link":"https:\/\/www.edsm.be\/?page_id=54","title":{"rendered":"Ce qu&rsquo;il faut savoir du FNRS"},"content":{"rendered":"<p>Le F.R.S.-FNRS encadre des dipl\u00f4m\u00e9s qui d\u00e9sirent pr\u00e9senter une th\u00e8se de doctorat dans une universit\u00e9 de la F\u00e9d\u00e9ration Wallonie-Bruxelles.<\/p>\n<p>La formation doctorale, obligatoire pour l&rsquo;obtention du grade acad\u00e9mique de docteur, s&rsquo;acquiert au sein d&rsquo;une \u00e9cole doctorale du F.R.S.-FNRS (<a href=\"http:\/\/www.fnrs.be\/index.php\/financements\/ecoles-doctorales\/ecoles-doctorales-pres-le-fnrs\">Graduate College<\/a>) ou d&rsquo;une \u00e9cole doctorale th\u00e9matique agr\u00e9\u00e9e par le F.R.S.-FNRS (<a href=\"http:\/\/www.fnrs.be\/index.php\/financements\/ecoles-doctorales\/ecoles-doctorales-thematiques\">Graduate School<\/a>).<\/p>\n<p>Pour conna\u00eetre les conditions r\u00e9glementaires, consulter les\u00a0<a href=\"http:\/\/www.fnrs.be\/index.php\/appels-reglements?lang=fr\" target=\"_blank\" rel=\"noopener\">r\u00e8glements<\/a>.<\/p>\n<h5><strong>Instruments pour les doctorants<\/strong><\/h5>\n<ul>\n<li><a href=\"http:\/\/www.fnrs.be\/index.php\/appels-a-propositions#decembre2013\">ASP &#8211; Aspirant F.R.S.-FNRS<\/a><\/li>\n<\/ul>\n<p>Bourse de recherche de 4 ans maximum destin\u00e9e \u00e0 permettre \u00e0 des chercheurs d&rsquo;obtenir une th\u00e8se de doctorat dans n&rsquo;importe quel domaine de recherche scientifique.<\/p>\n<ul>\n<li><a href=\"http:\/\/www.fnrs.be\/index.php\/appels-a-propositions#juillet\">FRIA &#8211;\u00a0\u00a0Fonds pour la formation \u00e0 la Recherche dans l&rsquo;Industrie et dans l&rsquo;Agriculture<\/a><\/li>\n<\/ul>\n<p>Bourse de recherche de 4 ans maximum destin\u00e9e \u00e0 permettre \u00e0 des chercheurs de pr\u00e9parer et pr\u00e9senter une th\u00e8se de doctorat dans des domaines de recherches li\u00e9s \u00e0 l&rsquo;industrie ou \u00e0 l&rsquo;agriculture.<\/p>\n<ul>\n<li><a href=\"http:\/\/www.fnrs.be\/index.php\/appels-a-propositions#juillet\">FRESH &#8211;\u00a0Fonds pour la Recherche en Sciences Humaines<\/a><\/li>\n<\/ul>\n<p>Bourse de recherche de 4 ans maximum destin\u00e9e \u00e0 permettre \u00e0 des chercheurs d&rsquo;obtenir une th\u00e8se de doctorat en sciences humaines et sociales.<\/p>\n<ul>\n<li><a href=\"http:\/\/www.fnrs.be\/index.php\/appels-a-propositions#decembre2013\">CSD &#8211;\u00a0Candidat sp\u00e9cialiste doctorant<\/a><\/li>\n<\/ul>\n<p>Mandat mi-temps destin\u00e9 \u00e0 un m\u00e9decin pour entreprendre simultan\u00e9ment un doctorat et une ma\u00eetrise compl\u00e9mentaire\/sp\u00e9cialisation.<\/p>\n<ul>\n<li><a href=\"http:\/\/www.fnrs.be\/index.php\/appels-a-propositions#decembre2013\">SD &#8211;\u00a0Sp\u00e9cialiste doctorant<\/a><\/li>\n<\/ul>\n<p>Mandat mi-temps dedestin\u00e9 \u00e0 un m\u00e9decin sp\u00e9cialiste agr\u00e9\u00e9 pour r\u00e9aliser un doctorat<\/p>\n<ul>\n<li><a href=\"http:\/\/www.fnrs.be\/index.php\/appels-a-propositions#decembre2013\">BSD &#8211; Bourse sp\u00e9ciale de doctorat<\/a><\/li>\n<\/ul>\n<p>Bourse destin\u00e9e sp\u00e9cifiquement aux enseignants du secondaire.<\/p>\n<ul>\n<li><a href=\"http:\/\/www.fnrs.be\/index.php\/appels-a-propositions\">Les chercheurs doctorants dans le cadre de projets<\/a><\/li>\n<\/ul>\n<p>Un chercheur peut \u00e9galement \u00eatre recrut\u00e9 comme personnel scientifique doctorant dans le cadre d&rsquo;un programme de recherche financ\u00e9 par le F.R.S.-FNRS via les instruments \u00ab\u00a0Mandat d&rsquo;impulsion scientifique (MIS)\u00a0\u00bb, \u00ab\u00a0Mandat d&rsquo;impulsion scientifique Mobilit\u00e9 Ulysse (MISU)\u00a0\u00bb, \u00ab\u00a0Projet de recherche (PDR)\u00a0\u00bb, \u00ab\u00a0Projet de recherche FRESH (PDR-FRESH)\u00a0\u00bb, \u00ab\u00a0Projet de recherche IISN\u00a0\u00bb ou par l&rsquo;Op\u00e9ration T\u00e9l\u00e9vie.<\/p>\n<p>&nbsp;<\/p>\n","protected":false},"excerpt":{"rendered":"<p>Le F.R.S.-FNRS encadre des dipl\u00f4m\u00e9s qui d\u00e9sirent pr\u00e9senter une th\u00e8se de doctorat dans une universit\u00e9 de la F\u00e9d\u00e9ration Wallonie-Bruxelles. La formation doctorale, obligatoire pour l&rsquo;obtention du grade acad\u00e9mique de docteur, s&rsquo;acquiert au sein d&rsquo;une \u00e9cole doctorale du F.R.S.-FNRS (Graduate College) ou d&rsquo;une \u00e9cole doctorale th\u00e9matique agr\u00e9\u00e9e par le F.R.S.-FNRS (Graduate School). Pour conna\u00eetre les conditions &hellip; <\/p>\n<p><a class=\"more-link btn\" href=\"https:\/\/www.edsm.be\/?page_id=54\">Lire la suite<\/a><\/p>\n","protected":false},"author":1,"featured_media":0,"parent":0,"menu_order":0,"comment_status":"closed","ping_status":"closed","template":"","meta":{"footnotes":""},"class_list":["post-54","page","type-page","status-publish","hentry","nodate","item-wrap"],"_links":{"self":[{"href":"https:\/\/www.edsm.be\/index.php?rest_route=\/wp\/v2\/pages\/54","targetHints":{"allow":["GET"]}}],"collection":[{"href":"https:\/\/www.edsm.be\/index.php?rest_route=\/wp\/v2\/pages"}],"about":[{"href":"https:\/\/www.edsm.be\/index.php?rest_route=\/wp\/v2\/types\/page"}],"author":[{"embeddable":true,"href":"https:\/\/www.edsm.be\/index.php?rest_route=\/wp\/v2\/users\/1"}],"replies":[{"embeddable":true,"href":"https:\/\/www.edsm.be\/index.php?rest_route=%2Fwp%2Fv2%2Fcomments&post=54"}],"version-history":[{"count":7,"href":"https:\/\/www.edsm.be\/index.php?rest_route=\/wp\/v2\/pages\/54\/revisions"}],"predecessor-version":[{"id":831,"href":"https:\/\/www.edsm.be\/index.php?rest_route=\/wp\/v2\/pages\/54\/revisions\/831"}],"wp:attachment":[{"href":"https:\/\/www.edsm.be\/index.php?rest_route=%2Fwp%2Fv2%2Fmedia&parent=54"}],"curies":[{"name":"wp","href":"https:\/\/api.w.org\/{rel}","templated":true}]}}